3*l - 5, q*o - 3*l = 29. Let i(b) = 2*b - 2. Let a be i(o). Calculate the greatest common divisor of 84 and a.
12
Let r = 940 - 580. Calculate the highest common factor of r and 40.
40
Suppose -265 = -11*s + 329. Calculate the highest common divisor of s and 432.
54
Let p(w) = -25*w - 672. Let n be p(-27). What is the greatest common divisor of 591 and n?
3
Let t(q) be the first derivative of -3*q**4/4 + q**3/3 + q**2/2 - 2*q - 2. Let n = 67 - 69. Let l be t(n). What is the highest common divisor of 12 and l?
12
Let d(f) = f**2 - 2*f - 5. Let w be d(5). Let g be 550/(-14) + (-14)/(-49). Let h be -5*(6/g + 96/(-52)). What is the greatest common factor of h and w?
10
Suppose 5*z - 1530 = -5*d, 8*d - 1224 = 4*d + 2*z. What is the highest common factor of 255 and d?
51
Let s(u) = u**2 - u + 20. Suppose 4*r - 19 = 37. Let t = r + -14. Let m be s(t). What is the highest common factor of 100 and m?
20
Let k be ((-1)/(-2))/(6 + 570/(-96)). Let h be 1 + -1 - (k + -19). What is the greatest common divisor of h and 22?
11
Suppose -3*l - 2*l + p = -97, 0 = 3*l + 5*p - 47. Suppose -2*n = -l - 11. What is the highest common divisor of 135 and n?
15
Suppose -78*b + 77*b + 4*q = -163, 3*b - 531 = -2*q. Calculate the highest common factor of b and 245.
35
Suppose 12 + 0 = d. Suppose c = 2*c + 3. Let n be (-2)/(-1*c/(-12)). What is the highest common divisor of n and d?
4
Let l be (-3)/(1*3/(-45)). Suppose -3*g + 8*g = 25. Suppose -88 = -g*w + 2. What is the greatest common factor of w and l?
9
Let o = -13 + 30. Suppose -o - 7 = 2*b. Let d(z) = z**2 + 11*z - 2. Let j be d(b). What is the greatest common divisor of 10 and j?
10
Let x(c) = 12*c + 418. Let j be x(-9). What is the highest common divisor of 20 and j?
10
Let b = 76 - 109. Let y be (b/(-3) - -2) + -3. Suppose 6*n - y*n = -52. What is the greatest common divisor of n and 91?
13
Let c = -14 - -16. Let q be 2146/4 - c/4. Let x be (-12)/3 - q/(-2). Calculate the greatest common factor of 24 and x.
24
Suppose 0 = -3*v + 2*u + 4, -v + 3*u - 4*u + 8 = 0. Let y be (-24)/(-15)*5/2. Suppose -19 = -y*x + 45. What is the greatest common factor of x and v?
4
Let w be (-2 - -39) + 2/2. Let l be ((32/10)/(-2))/(10/(-25)). Suppose a + 3*a - 56 = -5*j, 0 = -4*a - l*j + 60. What is the greatest common divisor of a and w?
19
Let z be -62 + 72 - (3*5)/(-3). What is the greatest common factor of 975 and z?
15
Suppose -6*a + 12*a - 30 = 0. Suppose -28 - 37 = -5*r + v, -4*r = a*v - 81. Calculate the greatest common divisor of r and 154.
14
Let o = -513 + 552. Calculate the highest common divisor of o and 78.
39
Let l = 30 - 32. Let j be ((-44)/6)/l*3. What is the highest common divisor of j and 11?
11
Suppose 6*j + 540 = 11*j. Calculate the highest common divisor of 20 and j.
4
Let i(m) = -6*m**2 + 10*m**2 - 2*m**2 + 2*m - 4. Let a be i(-6). What is the highest common divisor of a and 14?
14
Suppose -2*m = 4*x, -2*m - 2*x + 10 = -6*m. Let g be -1 + (-1 - m) + 40. What is the greatest common factor of g and 8?
8
Let k = -6 - -18. Suppose -4*o + 3*d - 12 = 0, 3*d + k = 5*o + 6*d. Suppose o = n + 3 - 17. Calculate the highest common divisor of 14 and n.
14
Suppose 0 = f - 20 - 2. Let a = f - -6. Let d(l) = 13*l**2 - l + 12. Let i be d(-4). What is the highest common factor of i and a?
28
Suppose 0 = -3*c - 3*n + 11 + 43, -4*c = 5*n - 76. Suppose -4*p + 2 = 2*y, y + 0 + c = -5*p. Calculate the highest common divisor of y and 187.
11
Suppose 32*l - 1122 = 15*l. What is the greatest common factor of 429 and l?
33
Suppose j - 91 = -5*l, -2*l - 7 + 46 = 3*j. Let i(c) = c - 2*c + 3 + 2*c - 4*c. Let u be i(-3). What is the greatest common factor of u and l?
6
Suppose i - 432 = -11*i. Let z = -44 + 24. Let p = i + z. What is the highest common divisor of p and 2?
2
Suppose -317*g - 520 = -330*g. What is the highest common factor of 6 and g?
2
Let p(s) = s**2 - 6*s + 2. Let q be p(6). Suppose q*m - 144 = -m. What is the greatest common factor of m and 72?
24
Let p(l) = -l**3 + 6*l**2 + 2. Let x be p(6). Suppose -x*t - 84 = -484. What is the greatest common factor of 25 and t?
25
Suppose 2*a - 35 = -3*a. Let k(l) = 4*l**2 + 12*l - 1. Let u be k(-4). Let n = u + a. What is the highest common divisor of n and 33?
11
Let w(d) = -4*d + 41. Let y be w(-9). Calculate the greatest common factor of 22 and y.
11
Let x be 9*(11 - (1 + 0)). Let y = -1 + 19. Calculate the highest common divisor of y and x.
18
Suppose 34 = 5*v - 4*p - 2, -5*p = -5. Calculate the highest common factor of 124 and v.
4
Let l = 266 - 138. Let n be (5 - 25)*8/(-10). Calculate the greatest common factor of l and n.
16
Suppose 0 = 2*f - 4, 7*l - 5*f = 3*l + 126. What is the greatest common divisor of 34 and l?
34
Let f(a) = -a**2 + 32*a - 166. Let w be f(20). What is the highest common divisor of 370 and w?
74
Let l = -74 - -78. Suppose -f - 3*f - l*b + 52 = 0, 2*f = b + 29. Let t be (-42)/4*8/(-3). Calculate the greatest common divisor of t and f.
14
Let t(d) = 19*d**2 - d - 6*d + 2 + 2*d + 2. Let z be t(2). Let x be 1/(-2) + (-84)/(-8). Calculate the greatest common factor of z and x.
10
Let t(d) = 3*d**2 - 18*d + 32. Let o(c) = -c**2 + 9*c - 16. Let h(q) = 5*o(q) + 2*t(q). Let z be h(8). What is the greatest common factor of z and 24?
24
Let f = 29 + -35. Let q(s) = 2*s**3 + 12*s**2 - 4*s. Let k be q(f). What is the greatest common divisor of 8 and k?
8
Let o(v) = v**3 - 20*v**2 + 22*v - 39. Let w be o(19). Let i be (1/(-2))/(17/136). Let s be i/(-10)*(-50)/(-10). Calculate the highest common factor of w and s.
2
Suppose 0 = 3*j - 23 + 92. Let y = j - -38. Suppose y = -w + 4*d + 4, 5*w - 2*d - 35 = 0. Calculate the greatest common factor of w and 36.
9
Suppose -5*p - 94 = i - 4*p, p = -5. Suppose 867 = -4*f - 0*f + 3*d, -6 = 2*d. Let g = i - f. Calculate the greatest common factor of 13 and g.
13
Suppose 0 = -30*q + 72 - 12. What is the highest common divisor of 358 and q?
2
Let r = -623 + 636. Calculate the highest common factor of 52 and r.
13
Let s be ((-15)/10)/((-2)/4). Suppose -16 = -s*c + 23. Suppose c = -n + 46. What is the greatest common factor of 11 and n?
11
Let s = -32 - -32. Suppose 3*o + 3 = s, 5*g - 2*g = 3*o + 78. What is the highest common factor of 150 and g?
25
Suppose -2399 + 439 = -7*j. Calculate the highest common factor of 35 and j.
35
Suppose 3*u = 3*p - 6*p + 243, 3*p + 365 = 5*u. What is the highest common divisor of 228 and u?
76
Suppose 0 = q + 4*o - 44, -o - 33 = -2*q + 2*o. What is the greatest common factor of 2616 and q?
24
Let v(b) = -25*b - 60. Let z be v(-6). Let p = -59 + z. Calculate the greatest common factor of p and 310.
31
Let s be (-6)/(-18) + 10/6. Let r be 3/s*66/9. Calculate the highest common factor of r and 121.
11
Let i = 538 + -234. Suppose 26 + i = 2*s. What is the highest common divisor of s and 66?
33
Let w be (-4)/(-3)*3/2. Let g be (0 - -1)/(w/120). Let v(b) = -14*b - 32. Let s be v(-4). What is the highest common divisor of g and s?
12
Suppose 0 = -g + 4*g + 15, -2*t - 5*g = -39. Let a = -919 - -983. What is the highest common factor of t and a?
32
Let n be (-1 + (-9)/2)/(8/(-16)). Suppose 11*r - 198 = -n*r. Calculate the greatest common divisor of r and 18.
9
Let o(i) be the first derivative of -4*i**2 + 2*i + 27. Let u be o(-3). What is the greatest common factor of u and 52?
26
Suppose -40 = -2*k - 5*a, a = -5*k - 4*a + 70. Calculate the highest common divisor of k and 130.
10
Let j = -552 - -309. Let i = j + 351. What is the greatest common divisor of i and 36?
36
Suppose -7 = r + 4*x, -4*x = x + 15. Suppose r*a - v - 530 = 0, -v - 330 = -3*a + 2*v. What is the greatest common divisor of a and 42?
21
Let x = -5794 + 5864. Suppose -15 = -w + 20. Calculate the greatest common divisor of w and x.
35
Suppose 12 + 2 = 2*o. Suppose 2*w = o*w - 90. Calculate the greatest common divisor of w and 162.
18
Let f = -1026 + 1318. Calculate the highest common factor of 73 and f.
73
Suppose 18*x - 13940 = 8*x. Suppose 5*q = 3*a - x, 0 = -5*a - 3*q - 884 + 3230. What is the highest common factor of 52 and a?
52
Let p(v) = 13*v**2 + 7*v - 12. Let j be p(-4). Calculate the greatest common divisor of 312 and j.
24
Let m(t) = 4*t**2 - 135*t + 63. Let x be m(36). Calculate the greatest common factor of 43 and x.
43
Let s = -22